What is the greatest common factor of q and 224?
32
Let y = 1054 + -1034. What is the greatest common factor of y and 5?
5
Let p be -6*2/((0 - 2) + 5). Let t(g) = -g**3 - 3*g**2 - 3*g - 10. Let l be t(p). Calculate the highest common factor of l and 27.
9
Let k = -1712 - -1765. Calculate the highest common divisor of 477 and k.
53
Suppose 13*f - 266 = 202. Suppose -v = -3*a + v + 40, -5*v = a - 2. What is the greatest common divisor of f and a?
12
Let p = 1993 - 1753. Calculate the greatest common divisor of 64 and p.
16
Let o(c) = -c**2 - 32*c - 134. Let n be o(-19). What is the highest common factor of n and 1695?
113
Suppose w = -h + 36 + 301, -4*h + 1338 = 2*w. Calculate the greatest common divisor of h and 16.
4
Suppose -5*z - 5 = -10, 5*z = -2*d + 85. Suppose 2*r = -4*m - 2, 4*r + 0 = -5*m + 2. Suppose -4 = -r*n + 11. Calculate the highest common divisor of d and n.
5
Let n(y) = y**2 - 9*y + 50. Let d be n(10). What is the greatest common factor of 330 and d?
30
Let j be (12/30)/(2 + 32/(-20)). What is the highest common divisor of j and 2?
1
Let r(y) = 27*y - 157. Let g be r(9). Calculate the greatest common factor of 1634 and g.
86
Let i = -33 + 81. Let w be 16*-5*14/175*30/(-12). What is the greatest common factor of i and w?
16
Suppose -p = -3*d + 13, 4*p + p + 2*d - 20 = 0. Let f(j) = -6 + 7*j + j**p - 3 + 4. Let a be f(-9). Calculate the highest common factor of 65 and a.
13
Suppose 3*x - 44 = -x. Let s be (-1 + 285)/(0/(-1) - -2). Suppose s = 4*d - 342. Calculate the highest common factor of x and d.
11
Suppose -8*m = -127 - 113. What is the highest common divisor of m and 560?
10
Let c be (-1224)/(-3)*(80/(-30))/(-4). What is the greatest common factor of 204 and c?
68
Suppose 5*n = 2*s - 295, 7*n - 5*n = s - 145. What is the greatest common divisor of s and 54?
27
Let c be (-3 + (-15)/(-3))*-2. Let i(w) = -w**3 - 2*w**2 - 2*w + 5. Let l be i(c). Calculate the greatest common divisor of l and 18.
9
Let w be (-5)/((-25)/20) - -205. Calculate the highest common divisor of 38 and w.
19
Suppose 6*v - 4*v = 2. Let b be -12 + 26 - 2/(-1)*v. Calculate the greatest common divisor of 2 and b.
2
Let y(a) = 12*a**2 + 31*a + 46. Let w be y(-2). Let r(z) = 23*z**2 - 3*z - 4. Let b be r(4). What is the highest common divisor of w and b?
32
Let s = -788 - -1196. What is the highest common divisor of 153 and s?
51
Let k(p) = 6*p + 9. Let f be k(7). Suppose -i - 3*d = -f + 6, -2*d = i - 42. What is the greatest common factor of i and 48?
12
Let q = 806 + -778. What is the highest common factor of 1204 and q?
28
Let t be (1 - 168/(-5)) + (-22)/(-55). Calculate the highest common divisor of 70 and t.
35
Let j = 1403 + -888. Calculate the highest common divisor of j and 5.
5
Suppose u = 3*n - 3 + 33, -2*u + n + 85 = 0. Let d be (-8)/3*u/6. Let b = d - -33. What is the highest common divisor of 143 and b?
13
Let p be (-6)/9*(3 + -6). Suppose 60 = p*z + z. Let d = 55 - z. Calculate the highest common divisor of d and 5.
5
Suppose 2*w - 34 = 5*j, 7*j - 8*j + 90 = 4*w. Calculate the greatest common factor of 352 and w.
22
Suppose 4 + 4 = 4*f. Suppose 3 = 5*z - 2. Let r be (-8)/16*(z - 13). What is the greatest common divisor of r and f?
2
Suppose -4*t + 3*t + 2 = 0. Suppose -210 = -4*r - t*r. Calculate the greatest common factor of 14 and r.
7
Let h = 43 - 10. Let d be 19/76 + 187/68. Calculate the greatest common divisor of d and h.
3
Let y(g) = 34*g**2 - 14*g + 2. Let q be y(-1). What is the greatest common divisor of q and 275?
25
Suppose 3*b = -5*u + 12 + 32, 63 = 5*b - 2*u. Suppose 2*s - b - 9 = 0. Let n = 270 - 149. Calculate the greatest common factor of n and s.
11
Let u = 254 + -217. Calculate the highest common factor of u and 259.
37
Let f(m) = 20*m - 16 - 1 - 1 - 5. Let p be f(16). What is the greatest common factor of p and 27?
27
Let n(j) = -j**3 + 9*j**2 - 5*j + 7. Let i be n(9). Let k be i/(-2) - (-2 + 4). Let l = 27 - k. What is the highest common divisor of l and 90?
10
Let v = 308 - 283. What is the greatest common factor of v and 25?
25
Suppose 3*l = -0*l - 5*i + 67, 2*l + 3*i = 45. Let a = 87 - l. Suppose -4*m = -5*q - 48 - 61, 0 = -3*q - 15. What is the highest common divisor of a and m?
21
Let g = 50 - 26. Let l = 22 + -18. Suppose i - 243 = -l*v, 3*i = v + 29 - 80. Calculate the highest common factor of g and v.
12
Let u(p) = 0*p - 2*p - 7*p. Suppose -34 = 10*i + 16. Let n be u(i). Calculate the greatest common factor of n and 5.
5
Suppose 21*l = 19*l + 122. Suppose 6*o - l = -31. What is the greatest common factor of o and 1?
1
Suppose 0 = -3*l + 536 + 112. What is the greatest common divisor of 60 and l?
12
Suppose -35 = b - 42. Suppose -6*d + b*d - 54 = 0. Calculate the highest common factor of d and 18.
18
Suppose -119*u = -133*u + 140. Suppose -c + 147 = 2*p - 76, -3*c = 3*p - 336. Let x be p - 3 - (-1 + -1). What is the greatest common divisor of x and u?
10
Let f = -155 - -157. What is the greatest common factor of 16 and f?
2
Suppose v - 161 = u, -4*v - u = -3*u - 654. Let m = v - 85. Let n(j) = -3*j - 9. Let k be n(-6). What is the greatest common divisor of m and k?
9
Let n(o) = 28*o**2 - 3*o + 2. Let j be (5/(-20))/(3/(-12)). Let t be n(j). Let h be 15 + (-3)/(-4 + 3). Calculate the greatest common factor of h and t.
9
Suppose 11*z - 3148 = 6158. Calculate the greatest common factor of 47 and z.
47
Let k = 4 + 0. Suppose 3*f - h - 312 = 0, -4*h + 426 = k*f + 10. Let l = 844 - 831. Calculate the greatest common divisor of f and l.
13
Let p be 5 - 3 - (-2)/(-2). Let c be (6 + 0 + -5)*1. What is the highest common factor of c and p?
1
Suppose -y + 5*n + 3 = 0, 2 = -0*n + n. Let s be (0/(-1))/((-1)/1). Suppose s*a + 455 = 7*a. Calculate the greatest common factor of a and y.
13
Suppose 39*n + 49 = 40*n + z, -5*z = -25. Calculate the highest common factor of n and 649.
11
Let i(c) = -c**3 - 9*c**2 + 3*c + 11. Let b be i(0). Calculate the highest common divisor of b and 979.
11
Suppose -5*c = b - 54, -5*c - 4*b = -5*b - 56. Suppose -41*w - 2*l + 41 = -38*w, 20 = 5*l. Calculate the highest common factor of c and w.
11
Let u(k) = -19*k + 89. Let a be u(4). What is the greatest common factor of a and 169?
13
Let w = 301 + -235. What is the highest common divisor of 6 and w?
6
Suppose -1102 = -68*c + 122. Calculate the highest common factor of 36 and c.
18
Let o(i) = 2*i + 3. Let b(w) = -w - 1. Let s(v) = 10*b(v) + 6*o(v). Let t be s(12). Calculate the highest common factor of 4 and t.
4
Let r(c) = -c**2 - 4*c + 20. Suppose -4*t + 18 = 6, -4*g - 12 = 4*t. Let w be r(g). Calculate the greatest common factor of w and 64.
8
Let u = -57 + 45. Let r = u + 97. What is the greatest common divisor of 17 and r?
17
Suppose -b - 74 - 140 = -3*t, -3*b = 3*t - 234. Let s be (-12)/(-9)*(-57)/2. Let h = s + t. Calculate the highest common divisor of h and 175.
35
Suppose 0 = 2*p - h - 15, -p - 2*h - 39 = -6*p. Let o be (-2 - (-1)/2)/(p/(-60)). Calculate the highest common factor of o and 30.
10
Let b be 88/10 + 1/5. Let s(q) = -q. Let f(a) = 4*a - 7. Let p(n) = f(n) + 3*s(n). Let r be p(b). Calculate the greatest common divisor of r and 1.
1
Let c(a) = 7*a**2 - a - 15. Suppose 0*z + 3*z - 11 = -4*r, 11 = -2*z + r. Let x be c(z). What is the greatest common divisor of x and 17?
17
Let g be 2/6 + 70771/69. Suppose g = 7*q - q. What is the highest common factor of q and 19?
19
Let c be (-3 - -6)*(-6)/9. Let n be c/(-4) - 1533/(-14). What is the greatest common divisor of 22 and n?
22
Let u be (6 - -2) + (-20 - -13) + 633. What is the highest common divisor of 2 and u?
2
Suppose -a = 5 - 19. Let r = -11 + a. Suppose 5*b - 3*y - 183 = 0, -r*y + y = -8. What is the greatest common divisor of 13 and b?
13
Let c(h) = -h**2 + 8*h - 4. Let d be c(6). Let y be (-32)/(-6)*(-27)/(-6). Calculate the greatest common factor of d and y.
8
Suppose -3*q - 4*d + 70 = 0, -2*d - 42 = 4*q - 6*q. Let h = 418 - 220. Let w be h/27*(3 - 0). What is the highest common divisor of w and q?
22
Suppose 2*x + 4*v - 6 = 0, 4*x - 17 + 5 = 4*v. Let m be (-3 + 12)*15/x. Calculate the highest common divisor of m and 30.
15
Suppose 18*f = 13*f + 20. Suppose f*g = -2*g + 42. What is the greatest common divisor of 28 and g?
7
Suppose 7*g - 370 = 2*g. Let z = g - 62. What is the 